 a = v + n. What are the prime factors of a?
2, 5
Let h(a) = 0*a**2 + 2*a**2 + 2*a**2 - 7*a - 4 - 5*a**2. What are the prime factors of h(-6)?
2
Let n = 39 - 23. What are the prime factors of n?
2
Let j(t) = -t - 2. Let y be j(0). Suppose u + 2*u + 18 = 0. Let d = y - u. List the prime factors of d.
2
Let v(z) = z**2 - 8*z + 2. Let p be v(9). Let a(b) = -25*b. Let s be a(-1). Let g = s - p. List the prime factors of g.
2, 7
Let m(x) = 10*x**2 - 3*x + 2. Let l be m(1). Suppose 6 = 3*t - l. List the prime factors of t.
5
Let r(g) = -3*g**2 + 34*g + 5. What are the prime factors of r(7)?
2, 3
Let p(u) = 65*u**2 - 2. List the prime factors of p(-1).
3, 7
Let f(z) = -z**3 + 4*z**2 + 7*z - 6. Let c be f(5). Suppose -2*k + 6 = -c. Suppose 0 = -4*a + k + 23. What are the prime factors of a?
7
Suppose 0*k + 16 = 4*k. Suppose k = 4*p - 8. Suppose -a + 4*q = 8 + 3, p*q + 13 = 5*a. What are the prime factors of a?
5
Let o be 44/10 + (-8)/20. Suppose -5*k = 3*t - 38, -o*k + 4*t - 6*t + 32 = 0. List the prime factors of k.
2, 5
Let r(y) = y**2 - 2*y + 3. What are the prime factors of r(7)?
2, 19
Let t(n) = -26*n**3 - n**2. Let j be 4/6*(-9)/(-6). Let c be t(j). Let f = -14 - c. What are the prime factors of f?
13
Suppose -m - 1 = -2*m. Let h(l) = 11*l**2 - l. List the prime factors of h(m).
2, 5
Let g(l) = -l**3 + 6*l**2 - 3. Let c be g(6). Let w(o) = -5*o + 2. List the prime factors of w(c).
17
Let l(c) = -4*c - 2. List the prime factors of l(-5).
2, 3
Let h = 31 + -17. Suppose 4*t = b - t - h, t = -2*b + 17. What are the prime factors of (b/3)/(-6)*-10?
5
Let g(d) = d - 1. Let w = 12 - 7. What are the prime factors of g(w)?
2
Let u = -16 + 23. Let f = u + -5. Suppose -22 = -2*l + 3*a, -f*a - 3*a - 5 = 3*l. List the prime factors of l.
5
Let m(n) = -n**3 - 4*n**2 - n + 4. Let h be m(-3). List the prime factors of 23 - (h - (-4 + -1)).
2, 5
Let y(h) = 3*h**3 - 6*h**2 - 5*h + 15. List the prime factors of y(5).
5, 43
Let p(n) = n**3 - 4*n**2 - 3*n - 3. Suppose -7 - 13 = -4*b. List the prime factors of p(b).
7
Let j(d) = d + 3. List the prime factors of j(5).
2
What are the prime factors of 3 + (-3 + 0)*-4?
3, 5
Let r be 3 - (1 + -1) - 1. Suppose 3*z + 2*z + 35 = 3*f, 28 = 3*f + r*z. List the prime factors of f.
2, 5
Suppose 4*l + 3 = -v - 0*v, -3*l = -5*v + 54. Let x = 21 - v. What are the prime factors of x?
2, 3
Let q be (-2 + (-28)/(-12))*0. List the prime factors of q + 3 + -2 + 3.
2
Suppose -1150 = -5*y + 3*q, 5*y = -5*q + 463 + 727. List the prime factors of y.
233
Let u = 75 + -29. What are the prime factors of u?
2, 23
Suppose -86 = 4*c - 2*u, -c + 2*c + 23 = 2*u. Let q = c - -57. List the prime factors of q.
2, 3
Suppose -17 = -f + 47. What are the prime factors of f?
2
What are the prime factors of -2 - (-71 + -5) - (0 + 1)?
73
Let p(m) = -9*m + 3. Let h be p(2). Let b = 27 + h. List the prime factors of b.
2, 3
Let p = -17 - -21. Suppose 3*u - 3*c - 18 = 0, -p*u = c - 0*c - 4. List the prime factors of u.
2
Suppose 0 = 2*v - v - 3. Let s(j) = -2*j - 1. Let w(z) = 2*z + 2. Let c(h) = v*w(h) + 4*s(h). List the prime factors of c(-3).
2
Suppose 36 = 5*f - 64. Suppose -f = -3*t - 2*t. What are the prime factors of t?
2
Let h(u) = 4*u. Let z be h(1). Let t be 14/(-21)*12/(-2). Suppose 0 = -y - 2*j + z, -t*y + 0*j = 2*j - 22. What are the prime factors of y?
2, 3
Suppose 3*y - 2*q = 44, -4*y - 4*q = -5*y + 8. Suppose -y = -4*p + 8*p. What are the prime factors of (-16)/12*6/p?
2
Let z be 318/14 - 2/(-7). Suppose 0 = -4*l + 2*v + z + 27, -3*l = -v - 38. What are the prime factors of l?
13
Let d = 2 + 2. Suppose -5*p = 2*h + 5, -5*h = 2*p + 27 - d. Suppose o - 3 - p = 0. List the prime factors of o.
2
Let a be (10/(-15))/(1/(-3)). Suppose a*o = -3*o + 10. List the prime factors of o.
2
Suppose -2*w = -7*w + 5. What are the prime factors of (10/(-4))/(w/(-4))?
2, 5
Let p(j) = -j**3 - 4*j**2 + 9*j + 5. What are the prime factors of p(-6)?
23
Let g(a) = -3*a + 1. Let q be g(-1). Suppose -4*w + 2 = q*k - 2, -3*w = -2*k + 12. What are the prime factors of k/(-2)*(-8)/3?
2
Suppose 2*r - 9 = -3. Suppose 5 = r*b - 1. List the prime factors of b.
2
Suppose -k + 453 - 41 = -m, -k - 4*m = -387. List the prime factors of k.
11, 37
Let d(m) = m**2 + 6*m + 2. Let f be d(-6). Suppose 8*v = 3*v - 2*y + 45, -y = -f*v + 9. List the prime factors of v.
7
Suppose -3 = -b - 2*b. Let q be 0/((-2)/(-2)) - b. List the prime factors of q - 1 - -2 - -3.
3
Suppose 0 = -z - 4*c + 16, z = -z - 2*c + 62. What are the prime factors of z?
2, 3
Let k = 3 - 12. What are the prime factors of 27 + -1 + (-6 - k)?
29
Let x(u) = 7 - 3*u + 5*u - 6. What are the prime factors of x(4)?
3
Let n = -18 + 69. List the prime factors of n.
3, 17
Suppose 2*v - 7*v = z - 21, 6 = -3*v. List the prime factors of z.
31
Let r(u) = -9*u. Let i be r(-1). Let k(z) = z + 2. What are the prime factors of k(i)?
11
Let p = 24 - 17. Let m(j) = j**2 + 2*j - 5. Let n be m(-4). Suppose -2*y - p = n*f, -4*y + 0*f - 3*f = -1. List the prime factors of y.
2
Suppose n + 2*q = 2*n + 1, -25 = -2*n - 5*q. List the prime factors of n.
5
Let c(f) = 3*f + 17. Let y be c(-7). List the prime factors of (9/y)/(4/(-16)).
3
Let u be 0*(1 - 5 - -3). Let f be u - -3*(3 + -2). Suppose -4*b + 3*h = -22, -4*b + 4 = f*h - 6. List the prime factors of b.
2
Let k = -21 + 25. What are the prime factors of k?
2
Let g = -7 + 2. Let r(a) = 3*a**2 - 4*a + 0*a**2 - 4*a**2 + 7. List the prime factors of r(g).
2
Suppose -m + 3 = 9. Let v = 10 + m. List the prime factors of v.
2
Let l = 80 + -13. List the prime factors of l.
67
Suppose 13 = x - 0. Suppose -j + 4*k = -x, -5*j + 0*k + 8 = -k. What are the prime factors of 2/(1 + j) - -6?
7
Let d(a) = -3*a + 1. Let p be d(-1). Suppose 0 = -5*m, -h - m + 100 = p*h. List the prime factors of h.
2, 5
Suppose 0 = -0*j + 4*j - 36. What are the prime factors of j?
3
What are the prime factors of (2/(-6))/(1/(-18))?
2, 3
Let t = -80 - -134. Suppose 51 + t = 5*v. List the prime factors of v.
3, 7
Suppose 5*r - 3*j = 2*j + 135, 0 = -4*j. Suppose 0 = -4*v + 3*v + r. What are the prime factors of v?
3
Let l be -1 - (2 + (0 - 1)). Let s = 0 + 4. What are the prime factors of -2 + s + (-12)/l?
2
List the prime factors of 33*(-15)/(-18)*2.
5, 11
Suppose -3*h = -176 + 50. List the prime factors of h.
2, 3, 7
Let g = 15 - 25. List the prime factors of (-65)/g + 9/(-6).
5
Let n = 67 + -52. What are the prime factors of n?
3, 5
Suppose -3 = 4*h - 35. Let a = -3 + h. Suppose -5*o - 17 = -4*p - 5, -2*p = -a*o + 4. What are the prime factors of p?
2
What are the prime factors of 942/30 - 3/(-5)?
2
Let j = 16 - 22. List the prime factors of 3 + (j*2)/(-3).
7
Let g(k) = -14*k + 2. Let d be g(-2). Suppose 0 = l - 3*l + d. What are the prime factors of l?
3, 5
Let s be 10/3*(-2 + 5). Suppose k - 3*h - 2 = -h, -h - s = -5*k. Suppose -5*b = -15, 5*b - 27 + k = -5*z. List the prime factors of z.
2
Let r = -253 + 390. List the prime factors of r.
137
Let n be (-37)/(-7) + 8/(-28). Suppose 3*i - 51 = -9. Let f = i - n. What are the prime factors of f?
3
Let f be (-2 - -8)*3/9. Suppose z - 5*o = -f, 3*z = -4*o - 0*o + 89. List the prime factors of z.
23
Let k(q) = q**3 - 5*q**2 + 4. Let o = 3 + 0. Let i be -5*o/6*-2. What are the prime factors of k(i)?
2
Let r(v) = -v**3 - 6*v**2 - 15*v - 10. List the prime factors of r(-7).
2, 3
List the prime factors of 4*49*(-2)/(-8).
7
Suppose d = -2*d - y - 7, 5*d + 1 = y. Let h(c) = -c**3 - 2*c**2 - 4*c - 2. Let u be h(-2). Let n = d + u. What are the prime factors of n?
5
Suppose 0 = w - p - 51, -8*p = 4*w - 3*p - 204. List the prime factors of w.
3, 17
Let z(m) = -m + 4. Let l(i) = -i**2 + 5*i - 3. Let t be l(2). Suppose -t*f - 3 = 9. What are the prime factors of z(f)?
2
Suppose -6*i = -2*i + j - 16, -4*j = 0. Suppose 0 = -2*q + x, 2*q - 3*x + i = -2*q. List the prime factors of (-60)/(-14) - q/7.
2
Let i(v) = -v**3 + 13*v**2 + 19*v + 1. List the prime factors of i(14).
71
Suppose 0 = -2*m + 3*m - 4*q - 67, 3*m = 5*q + 180. List the prime factors of m.
5, 11
Let a(f) = f**3 + 5*f**2 - 4*f - 4. What are the prime factors of a(-5)?
2
Suppose -16 = -5*o + o. Suppose 0 = o*v - 3*v - 3. What are the prime factors of v?
3
Let m be (-140)/16*(-4 + 0). Suppose 7*a = 3*a + 5*y + m, 5*a - 16 = -3